r when 40 is divided by r?
19
Let x = 192 + -190. Let n(h) be the third derivative of h**4/3 + h**3/2 + h**2. What is the remainder when 35 is divided by n(x)?
16
Let s be 3/6 - 105/(-14). Let n be 633/2 + (-4)/s. Suppose -3*m = -7*m + n. What is the remainder when m is divided by 16?
15
Suppose 0 = a + 3*r - 24, 0 = -3*a + 3*r - 8*r + 60. Suppose -134*y + 2365 = -91*y. Calculate the remainder when y is divided by a.
10
Let m(u) = -2*u**2 + 2*u + 50. Calculate the remainder when 1048 is divided by m(5).
8
Suppose -3*y - 3*v - 3 = 0, 0*v = -3*y - 2*v. What is the remainder when 2*50 + y/(3 - 5) is divided by 25?
24
Let h(v) = v**3 - 12*v**2 + 26*v + 21. What is the remainder when 59 is divided by h(9)?
11
Let l(f) = -f**2 - 3*f + 6. Let a be (0 + 6)*8/(-12). Let y be l(a). Suppose 5*w - y*w = 84. What is the remainder when 54 is divided by w?
26
Let t(o) = 62*o**2. Let y be -1 - -1 - 0/1. Suppose -6*a + y*a = 6. What is the remainder when t(a) is divided by 16?
14
Let o(g) = g - 10. Let u = 13 + -9. Suppose v + 0*v = u*s + 14, -4*v = 4*s - 36. What is the remainder when v is divided by o(14)?
2
Suppose 49 = 5*c + 4. What is the remainder when 11 is divided by (-4)/6*c/(-1)?
5
What is the remainder when 135 is divided by (((-780)/(-50))/(-13))/((-12)/700)?
65
Suppose -3*w + 299 = -q, 51 + 147 = 2*w - 2*q. Suppose -m = -5*m + w. What is the remainder when m is divided by 7?
4
Suppose 12 = -38*a + 42*a. Suppose -j - 18 = -a*j. What is the remainder when 24 is divided by j?
6
Let k = -16 - -24. Let b(i) = i**3 - 6*i**2 + 5*i - 3. Let n be b(6). Let s = n - k. What is the remainder when 37 is divided by s?
18
Suppose 4*r - 128 = -12. Calculate the remainder when r is divided by ((-430)/(-301))/((-2)/(-14)).
9
Suppose r + 48 = 5*r. Suppose -f = -5*f + 72. Suppose 2*z + 4*w + f = 4*z, 0 = -3*z - 2*w + 11. What is the remainder when r is divided by z?
2
Suppose 221 = 2*x + 55. What is the remainder when x is divided by 12?
11
Let k(v) = v**3 + 4*v**2 - 1. Let u be k(-2). Let d = -4 + u. Let t = -2 - -5. Calculate the remainder when t is divided by d.
0
Calculate the remainder when 1/((-35)/(-3650)*-104 - -1) is divided by 88.
13
Let b(t) = 2*t**3 - 8*t**2 - 2*t + 30. What is the remainder when b(5) is divided by 23?
1
Let q = 219 - 34. Let j = 40 - -7. What is the remainder when q is divided by j?
44
Suppose -3*y = -16 + 19. What is the remainder when ((-72)/(-6) + 2)/(y/(-3)) is divided by 1/2 + (-86)/(-4)?
20
Suppose -t - o = -54, -6*o - 267 = -5*t - 8*o. Calculate the remainder when t is divided by 6.
5
Let g be 1 - 0 - (8 + 7). Let c be (-88)/55 + (-6)/(-10). Calculate the remainder when 70 is divided by ((-24)/g)/(c/(-14)).
22
Suppose 8*r = 3*r + 310. What is the remainder when r is divided by 40/(-25) + 2 + 108/5?
18
Let n = 3475 + -2458. What is the remainder when n is divided by 20?
17
Suppose -5*a + 3418 = 3*c, -5*c - 16*a = -14*a - 5722. What is the remainder when c is divided by 50?
46
Let o = -2418 - -2421. Suppose -u + 8 = u. Suppose u*y - 15 = -y. Calculate the remainder when o is divided by y.
0
Let s = -19 + 19. Let u(k) = 0*k + 9*k**2 + s*k + 3 - 2*k**3 - 8*k**2. Calculate the remainder when 68 is divided by u(-2).
22
Let i(n) = 6*n - 166. Let m be i(26). Suppose z = -4*z - 80. Let u = m - z. Calculate the remainder when 16 is divided by u.
4
Suppose -5*x + 2*a - 4*a + 185 = 0, -x + 49 = -2*a. Calculate the remainder when 106 is divided by x.
28
Suppose -143 = -5*p + 72. Let a(f) = -84*f - 1. What is the remainder when a(-1) is divided by p?
40
Let t = -42 - 10. Let d = 27 + -9. Calculate the remainder when d is divided by (-2)/10 - t/10.
3
Let l be (-18)/12*(-6)/3. Suppose -2*a + t + 104 = 21, 0 = t - l. What is the remainder when a is divided by 15?
13
Let p(q) be the first derivative of -q**2/2 + 89*q - 1. Suppose r = 5*o - 4, 2*o + 0*r = -3*r - 12. What is the remainder when p(o) is divided by 23?
20
Suppose 2*g = -0*g + 12. Suppose g*m - 30 = 96. Calculate the remainder when 81 is divided by m.
18
Suppose -g = -3*c - 8, 2*g - c = 3*g + 8. What is the remainder when 24 is divided by g*4/(-16)*5?
4
Suppose 28 = s - 6. Suppose -s*p + 11 = -33*p. What is the remainder when 41 is divided by p?
8
Calculate the remainder when 250 is divided by 3 - 0 - (-171)/19.
10
Let h(u) = 2*u**3 + 5*u**2 + 12*u - 17. Let r be h(-8). What is the remainder when (r/(-57))/((-2)/(-6)) is divided by 11?
10
Let m = 2223 + -1808. What is the remainder when m is divided by 35?
30
Suppose 4 = 4*a - 24. Let h = 70 - 50. What is the remainder when h is divided by a?
6
Let f(m) = 4*m**2 + 7*m - 22. Calculate the remainder when 179 is divided by f(-6).
19
Suppose -988 = 770*m - 782*m + 8. Let y(o) = o**3 + 6*o**2 + 3. Calculate the remainder when m is divided by y(-5).
27
Suppose -2*t + 0 = 8. Let o(r) = -r**3 + 6*r**2 + 2*r + 5. Calculate the remainder when o(6) is divided by 10 - (-1 - (-5 - t)).
7
Let h be 4/(-10)*2*10. Let b = 23 + h. Calculate the remainder when 89 is divided by b.
14
Let g(z) = z**3 + z**2 - z + 9. Let w be g(0). Let r = 24 - w. Calculate the remainder when 43 is divided by r.
13
Let v = -182 + 415. What is the remainder when v is divided by 60?
53
Suppose c - 4 = -0. Suppose 0 = -c*n + 6 + 2. Let u(y) = 2*y**3 + 2*y**2 + 2*y - 2. Calculate the remainder when u(n) is divided by 9.
8
Suppose 3*v - 5*b - 7 = 0, 0 = -3*b + 1 + 2. Suppose 0 = v*w - 7*w + 9. Calculate the remainder when 11 is divided by w.
2
Let b = -263 - -468. What is the remainder when b is divided by 26?
23
Calculate the remainder when (-116)/(((-25)/(-10) - 2)*-2) is divided by 15.
11
Let u(b) = -7*b - 3*b + 16 + 11*b - 2*b. Let l be ((-2)/(-4))/((-1)/(-12)). Calculate the remainder when 37 is divided by u(l).
7
Let m(t) = 27*t + 27. Let r be m(15). Suppose 5*d - r = -4*d. Calculate the remainder when d is divided by 17.
14
Suppose 5*m + 208 = 528. Let z = m + -44. Let q = 102 + -65. Calculate the remainder when q is divided by z.
17
What is the remainder when 125 + 1*(-2 - (4 + -3)) is divided by 18?
14
Suppose 3006 + 1098 = 8*p. Let s = p + -288. What is the remainder when s is divided by 57?
54
Let t be 78/8 - (-5)/20. Calculate the remainder when (-12)/t*(-160)/3 is divided by 11.
9
Suppose 618 + 275 = 19*y. What is the remainder when y is divided by 33?
14
Let v = 10 + -1. Suppose -5*o - v = -8*o. Suppose 4*l = -y + 6, 1 = 2*y - 3*l - 0. What is the remainder when o is divided by y?
1
Let g be 0/((6 - 3) + 1). What is the remainder when 43 is divided by g + (18 - (-3 + 6))?
13
Let t(x) be the third derivative of -x**5/60 + x**4/4 + 5*x**3/3 - 17*x**2. What is the remainder when 9 is divided by t(7)?
0
Suppose 281 - 38 = 9*b. Calculate the remainder when b is divided by 9.
0
Suppose -7*l + 35*l = 4676. Calculate the remainder when l is divided by 13.
11
What is the remainder when -24*(-9)/((-216)/(-176)) is divided by 46?
38
Suppose -n - 1 = -2*n. Suppose -2641 + 1489 = -16*i. Calculate the remainder when i is divided by n - 5/(15/(-54)).
15
Let k(y) = y**3 + y**2 + 2*y + 55. What is the remainder when k(0) is divided by 20?
15
Suppose 0*f = -3*f. Suppose f*g - g = 0. Suppose g = 4*h - 32. What is the remainder when h is divided by 3?
2
Let i be (-4)/3*6*-1. Let k(x) = x**3 - 15*x**2 + 16*x - 15. Let o be k(14). Let q = o + i. What is the remainder when q is divided by 12?
9
Let n be 0 - (1/(-3) - (-85)/(-15)). Let c(x) = -x**2 + 10*x - 9. Calculate the remainder when 52 is divided by c(n).
7
Suppose -s + 0 + 1 = 0. Calculate the remainder when 4 - ((-132)/2 - s) is divided by 15.
11
Suppose 3 - 108 = -21*y. Let j = 27 + 1. Calculate the remainder when j is divided by y.
3
Let t = 153 - 88. Suppose 3*a + 3 = 0, -5*f = -2*a + t - 202. Calculate the remainder when f is divided by 8/(-60) + (-154)/(-30).
2
Suppose 3*c + 5*p + 12 = 5*c, 5*c + p = 57. Let k(i) = 7*i + 4. Let w be k(-4). Calculate the remainder when w/(-10)*(-50)/(-4) is divided by c.
8
Calculate the remainder when 180 is divided by ((-8)/(-4))/(339/(-69) + 5).
19
Suppose -n = 3*z - 352, -3*n - 129 = -z - n. What is the remainder when z is divided by 43?
33
Let c = 1057 + -1031. What is the remainder when c is divided by 8?
2
Let x = 194 + 96. Calculate the remainder when x is divided by 59.
54
Let o(n) 